nder when 7510 is divided by 29?
28
What is the remainder when 74 is divided by 47?
27
What is the remainder when 267 is divided by 5?
2
What is the remainder when 464 is divided by 39?
35
Calculate the remainder when 1062 is divided by 175.
12
What is the remainder when 2646 is divided by 101?
20
Calculate the remainder when 57 is divided by 1.
0
What is the remainder when 3871 is divided by 227?
12
Calculate the remainder when 294 is divided by 128.
38
Calculate the remainder when 429 is divided by 137.
18
What is the remainder when 1151 is divided by 96?
95
Calculate the remainder when 135 is divided by 47.
41
Calculate the remainder when 544 is divided by 55.
49
Calculate the remainder when 1463 is divided by 32.
23
What is the remainder when 340 is divided by 119?
102
What is the remainder when 104 is divided by 14?
6
What is the remainder when 460 is divided by 22?
20
What is the remainder when 125 is divided by 32?
29
What is the remainder when 116 is divided by 114?
2
Calculate the remainder when 664 is divided by 74.
72
Calculate the remainder when 488 is divided by 99.
92
What is the remainder when 709 is divided by 434?
275
Calculate the remainder when 51 is divided by 23.
5
What is the remainder when 36 is divided by 20?
16
What is the remainder when 535 is divided by 140?
115
What is the remainder when 9963 is divided by 212?
211
Calculate the remainder when 1681 is divided by 65.
56
What is the remainder when 1663 is divided by 98?
95
What is the remainder when 66 is divided by 25?
16
Calculate the remainder when 1107 is divided by 541.
25
Calculate the remainder when 84 is divided by 22.
18
What is the remainder when 397 is divided by 91?
33
Calculate the remainder when 1386 is divided by 114.
18
What is the remainder when 165 is divided by 22?
11
Calculate the remainder when 547 is divided by 62.
51
What is the remainder when 3387 is divided by 422?
11
What is the remainder when 275 is divided by 92?
91
Calculate the remainder when 106 is divided by 55.
51
Calculate the remainder when 8429 is divided by 30.
29
Calculate the remainder when 5708 is divided by 1424.
12
Calculate the remainder when 170 is divided by 21.
2
What is the remainder when 725 is divided by 28?
25
What is the remainder when 386 is divided by 10?
6
What is the remainder when 19 is divided by 5?
4
Calculate the remainder when 1959 is divided by 4.
3
Calculate the remainder when 308 is divided by 149.
10
What is the remainder when 5046 is divided by 50?
46
Calculate the remainder when 114 is divided by 39.
36
What is the remainder when 95 is divided by 57?
38
What is the remainder when 452 is divided by 114?
110
What is the remainder when 79 is divided by 14?
9
Calculate the remainder when 1466 is divided by 113.
110
What is the remainder when 410 is divided by 114?
68
What is the remainder when 1829 is divided by 29?
2
Calculate the remainder when 79 is divided by 62.
17
Calculate the remainder when 78 is divided by 48.
30
Calculate the remainder when 5583 is divided by 14.
11
What is the remainder when 544 is divided by 262?
20
Calculate the remainder when 89 is divided by 10.
9
Calculate the remainder when 10204 is divided by 176.
172
What is the remainder when 460 is divided by 43?
30
Calculate the remainder when 365 is divided by 68.
25
Calculate the remainder when 1346 is divided by 225.
221
What is the remainder when 1467 is divided by 91?
11
Calculate the remainder when 3718 is divided by 10.
8
What is the remainder when 916 is divided by 303?
7
What is the remainder when 302 is divided by 6?
2
What is the remainder when 1014 is divided by 113?
110
What is the remainder when 66 is divided by 23?
20
Calculate the remainder when 52 is divided by 17.
1
What is the remainder when 1083 is divided by 39?
30
Calculate the remainder when 298 is divided by 15.
13
What is the remainder when 1258 is divided by 126?
124
Calculate the remainder when 4684 is divided by 33.
31
What is the remainder when 3704 is divided by 11?
8
What is the remainder when 65 is divided by 21?
2
Calculate the remainder when 64 is divided by 30.
4
What is the remainder when 1254 is divided by 7?
1
What is the remainder when 105 is divided by 22?
17
Calculate the remainder when 726 is divided by 28.
26
Calculate the remainder when 414 is divided by 24.
6
Calculate the remainder when 5776 is divided by 65.
56
Calculate the remainder when 846 is divided by 216.
198
What is the remainder when 585 is divided by 18?
9
What is the remainder when 10 is divided by 7?
3
What is the remainder when 67 is divided by 27?
13
Calculate the remainder when 427 is divided by 141.
4
Calculate the remainder when 361 is divided by 95.
76
What is the remainder when 1273 is divided by 15?
13
Calculate the remainder when 153 is divided by 70.
13
Calculate the remainder when 88 is divided by 21.
4
Calculate the remainder when 203 is divided by 103.
100
Calculate the remainder when 6 is divided by 2.
0
Calculate the remainder when 317 is divided by 55.
42
Calculate the remainder when 2955 is divided by 53.
40
Calculate the remainder when 193 is divided by 28.
25
Calculate the remainder when 98 is divided by 46.
6
What is the remainder when 171 is divided by 47?
30
What is the remainder when 21 is divided by 6?
3
Calculate the remainder when 96 is divided by 17.
11
Calculate the remainder when 647 is divided by 5.
2
What is the remainder when 27320 is divided by 396?
392
What is the remainder when 2585 is divided by 13?
11
What is the remainder when 170 is divided by 28?
2
Calculate the remainder when 4138 is divided by 38.
34
What is the remainder when 1311 is divided by 82?
81
Calculate the remainder when 459 is divided by 42.
39
What is the remainder when 1687 is divided by 65?
62
What is the remainder when 417 is divided by 60?
57
Calculate the remainder when 1057 is divided by 19.
12
What is the remainder when 1396 is divided by 28?
24
What is the remainder when 334 is divided by 19?
11
Calculate the remainder when 2298 is divided by 50.
48
What is the remainder when 129 is divided by 39?
12
What is the remainder when 135 is divided by 18?
9
What is the remainder when 1107 is divided by 97?
40
What is the remainder when 545 is divided by 13?
12
Calculate the remainder when 677 is divided by 68.
65
Calculate the remainder when 83 is divided by 46.
37
Calculate the remainder when 916 is divided by 236.
208
What is the remainder when 1130 is divided by 560?
10
Calculate the remainder when 259 is divided by 24.
19
What is the remainder when 97 is divided by 78?
19
Calculate the remainder when 5123 is divided by 233.
230
What is the remainder when 457 is divided by 11?
6
Calculate the remainder when 788 is divided by 7.
4
Calculate the remainder when 29 is divided by 15.
14
What is the remainder when 9554 is divided by 21?
20
Calculate the remainder when 1044 is divided by 95.
94
Calculate the remainder when 118 is divided by 36.
10
Calculate the remainder when 255 is divided by 139.
116
What is the remainder when 40 is divided by 13?
1
What is the remainder when 404 is divided by 395?
9
Calculate the remainder when 472 is divided by 181.
110
What is the remainder when 85 is divided by 76?
9
Calculate the remainder when 194 is divided by 18.
14
What is the remainder when 63 is divided by 13?
11
Calculate the remainder when 439 is divided by 20.
19
What is the remainder when 419 is divided by 28?
27
Calculate the remainder when 1214 is divided by 34.
24
What is the remainder when 177 is divided by 47?
36
Calculate the remainder when 270 is divided by 55.
50
Calculate the remainder when 99 is divided by 66.
33
What is the remainder when 353 is divided by 18?
11
Calculate the remainder when 10737 is divided by 19.
2
What is the remainder when 2290 is divided by 135?
130
Calculate the remainder when 83 is divided by 22.
17
What is the remainder when 279 is divided by 70?
69
Calculate the remainder when 74 is divided by 16.
10
What is the remainder when 10896 is divided by 9?
6
Calculate the remainder when 13 is divided by 7.
6
What is the remainder when 266 is divided by 49?
21
What is the remainder when 28233 is divided by 156?
153
Calculate the remainder when 677 is divided by 53.
41
Calculate the remainder wh